{"id":157,"date":"2017-08-24T16:29:16","date_gmt":"2017-08-24T14:29:16","guid":{"rendered":"http:\/\/vollibre.simonlh.fr\/?page_id=157"},"modified":"2017-08-24T16:53:06","modified_gmt":"2017-08-24T14:53:06","slug":"liens","status":"publish","type":"page","link":"https:\/\/vollibre.simonlh.fr\/index.php\/liens\/","title":{"rendered":"Liens"},"content":{"rendered":"<h1>Sur le parapente<\/h1>\n<ul>\n<li><a href=\"http:\/\/lyonparapente.fr\/\">Lyon Parapente<\/a> &#8211; Club de parapente \u00e0 Lyon<\/li>\n<li><a href=\"http:\/\/www.rue89lyon.fr\/2017\/07\/17\/11-spots-baigner-lyon-sans-voiture\/\">Fiche Parapente<\/a> par la fondation Nicolas Hulot &#8211; A lire et \u00e0 m\u00e9diter!<\/li>\n<\/ul>\n<h1>Sur le transport<\/h1>\n<ul>\n<li><a href=\"http:\/\/hitchwiki.org\/en\/Lyon\">Hitchwiki<\/a> &#8211; Le site de l&rsquo;autostop, directement sur la page concernant Lyon.Le p<\/li>\n<li><a href=\"http:\/\/www.rue89lyon.fr\/2017\/07\/17\/11-spots-baigner-lyon-sans-voiture\/\">11 spots de baignade o\u00f9 se rendre depuis Lyon sans voiture<\/a> &#8211; Article de rue89. Et par extension, des spots pour voler Et se baigner \u00e0 Annecy, Aiguebelette, au lac du bourget \u00e0 Nantua.<\/li>\n<\/ul>\n","protected":false},"excerpt":{"rendered":"<p>Sur le parapente Lyon Parapente &#8211; Club de parapente \u00e0 Lyon Fiche Parapente par la fondation Nicolas Hulot &#8211; A lire et \u00e0 m\u00e9diter! Sur le transport Hitchwiki &#8211; Le site de l&rsquo;autostop, directement sur la page concernant Lyon.Le p 11 spots de baignade o\u00f9 se rendre depuis Lyon sans voiture &#8211; Article de rue89. &hellip; <a href=\"https:\/\/vollibre.simonlh.fr\/index.php\/liens\/\" class=\"more-link\">Continuer la lecture de <span class=\"screen-reader-text\">Liens<\/span><\/a><\/p>\n","protected":false},"author":1,"featured_media":0,"parent":0,"menu_order":0,"comment_status":"closed","ping_status":"closed","template":"","meta":{"footnotes":""},"class_list":["post-157","page","type-page","status-publish","hentry"],"_links":{"self":[{"href":"https:\/\/vollibre.simonlh.fr\/index.php\/wp-json\/wp\/v2\/pages\/157","targetHints":{"allow":["GET"]}}],"collection":[{"href":"https:\/\/vollibre.simonlh.fr\/index.php\/wp-json\/wp\/v2\/pages"}],"about":[{"href":"https:\/\/vollibre.simonlh.fr\/index.php\/wp-json\/wp\/v2\/types\/page"}],"author":[{"embeddable":true,"href":"https:\/\/vollibre.simonlh.fr\/index.php\/wp-json\/wp\/v2\/users\/1"}],"replies":[{"embeddable":true,"href":"https:\/\/vollibre.simonlh.fr\/index.php\/wp-json\/wp\/v2\/comments?post=157"}],"version-history":[{"count":3,"href":"https:\/\/vollibre.simonlh.fr\/index.php\/wp-json\/wp\/v2\/pages\/157\/revisions"}],"predecessor-version":[{"id":164,"href":"https:\/\/vollibre.simonlh.fr\/index.php\/wp-json\/wp\/v2\/pages\/157\/revisions\/164"}],"wp:attachment":[{"href":"https:\/\/vollibre.simonlh.fr\/index.php\/wp-json\/wp\/v2\/media?parent=157"}],"curies":[{"name":"wp","href":"https:\/\/api.w.org\/{rel}","templated":true}]}}